
2113, 1508671
What are the prime factors of 14269116?
2, 3, 1189093
What are the prime factors of 151943087?
101, 277, 5431
What are the prime factors of 691043747?
487, 883, 1607
What are the prime factors of 109432080?
2, 3, 5, 29, 1747
What are the prime factors of 19865406?
2, 3, 11, 29, 97, 107
List the prime factors of 25574586.
2, 3, 4262431
What are the prime factors of 48403157?
11, 383, 11489
What are the prime factors of 129081837?
3, 43027279
What are the prime factors of 11137084?
2, 7, 397753
What are the prime factors of 4607944370?
2, 5, 1423, 323819
What are the prime factors of 235489067?
11, 21408097
List the prime factors of 28542221.
28542221
What are the prime factors of 18691831?
18691831
List the prime factors of 238510881.
3, 7, 77263
What are the prime factors of 76216842?
2, 3, 13, 108571
What are the prime factors of 2913026697?
3, 7, 46238519
What are the prime factors of 1638276497?
11, 13, 29, 587, 673
List the prime factors of 248556858.
2, 3, 11, 3766013
List the prime factors of 1652412710.
2, 5, 13, 19, 51461
What are the prime factors of 428998861?
428998861
What are the prime factors of 27706058?
2, 137, 101117
List the prime factors of 2688426747.
3, 173, 575557
List the prime factors of 611559893.
7, 1327, 65837
List the prime factors of 54252719.
54252719
List the prime factors of 13047324.
2, 3, 79, 13763
List the prime factors of 439000212.
2, 3, 7, 106657
What are the prime factors of 18362107?
18362107
What are the prime factors of 6215130?
2, 3, 5, 7673
What are the prime factors of 253117464?
2, 3, 83, 283, 449
What are the prime factors of 949353430?
2, 5, 19, 443, 11279
What are the prime factors of 414286662?
2, 3, 69047777
List the prime factors of 544958161.
11, 59, 179, 4691
What are the prime factors of 6905603?
509, 13567
List the prime factors of 279276808.
2, 1117, 31253
List the prime factors of 1176319312.
2, 7, 53, 3739
List the prime factors of 2294405300.
2, 5, 11, 2085823
What are the prime factors of 29394888?
2, 3, 827, 1481
List the prime factors of 1518816516.
2, 3, 7, 17, 1063597
List the prime factors of 64062292.
2, 7, 97, 103, 229
List the prime factors of 8084107.
1499, 5393
What are the prime factors of 56881616?
2, 11, 2671
What are the prime factors of 64953515?
5, 11, 17, 127, 547
What are the prime factors of 170907379?
283, 603913
What are the prime factors of 64549256?
2, 829, 9733
What are the prime factors of 94173704?
2, 11771713
List the prime factors of 1426181883.
3, 7, 67913423
What are the prime factors of 3203935275?
3, 5, 42719137
List the prime factors of 70897776.
2, 3, 23, 149, 431
What are the prime factors of 476968718?
2, 238484359
What are the prime factors of 167019762?
2, 3, 7, 13, 149, 2053
What are the prime factors of 1783364906?
2, 17, 52451909
What are the prime factors of 1180960299?
3, 43, 419, 7283
List the prime factors of 3718133.
61, 60953
List the prime factors of 69882032.
2, 11, 397057
What are the prime factors of 3269708696?
2, 241, 367, 4621
List the prime factors of 384219106.
2, 192109553
List the prime factors of 5177825253.
3, 575313917
List the prime factors of 113584038.
2, 3, 17, 1113569
List the prime factors of 42037040.
2, 5, 479, 1097
List the prime factors of 130208317.
1163, 111959
What are the prime factors of 276895641?
3, 11, 101, 83077
What are the prime factors of 16148219?
41, 393859
List the prime factors of 152136973.
23, 6614651
List the prime factors of 21538337.
17, 499, 2539
What are the prime factors of 431948841?
3, 37, 3891431
What are the prime factors of 548445367?
14071, 38977
List the prime factors of 369346499.
2039, 181141
List the prime factors of 108256767.
3, 401, 89989
List the prime factors of 51314034.
2, 3, 8552339
What are the prime factors of 21707486?
2, 29, 131, 2857
List the prime factors of 354268.
2, 31, 2857
What are the prime factors of 93878355?
3, 5, 6258557
What are the prime factors of 29749272?
2, 3, 7, 41, 617
List the prime factors of 40734890.
2, 5, 7, 17, 34231
What are the prime factors of 91344943?
43, 109, 19489
What are the prime factors of 1023213961?
7, 11, 13288493
What are the prime factors of 128477150?
2, 5, 2569543
What are the prime factors of 106118511?
3, 29, 1219753
What are the prime factors of 169975629?
3, 18886181
List the prime factors of 415485270.
2, 3, 5, 17, 443, 613
What are the prime factors of 141368642?
2, 509, 138869
List the prime factors of 24855003.
3, 17, 162451
What are the prime factors of 70524260?
2, 5, 101, 34913
List the prime factors of 61856421.
3, 11, 17, 110261
What are the prime factors of 510727391?
19, 37, 726497
List the prime factors of 3780432128.
2, 11, 19, 70657
What are the prime factors of 4570813?
13, 23, 15287
List the prime factors of 98032120.
2, 5, 769, 3187
What are the prime factors of 868006053?
3, 59, 89, 18367
What are the prime factors of 16726250?
2, 5, 13381
What are the prime factors of 3850778180?
2, 5, 192538909
What are the prime factors of 70383365?
5, 13, 71, 101, 151
What are the prime factors of 301878292?
2, 75469573
List the prime factors of 159811886.
2, 13, 6146611
What are the prime factors of 297586111?
16693, 17827
What are the prime factors of 84459208?
2, 59, 178939
List the prime factors of 30071213.
233, 129061
What are the prime factors of 203149501?
19, 23, 43, 569
List the prime factors of 1038324785.
5, 207664957
What are the prime factors of 92989108?
2, 23247277
What are the prime factors of 564503247?
3, 7, 11, 814579
List the prime factors of 491235098.
2, 245617549
What are the prime factors of 880317017?
880317017
List the prime factors of 2376446302.
2, 1188223151
What are the prime factors of 2187508180?
2, 5, 11, 13, 31, 2243
List the prime factors of 1843993082.
2, 1933, 476977
What are the prime factors of 782260218?
2, 3, 61, 491, 1451
What are the prime factors of 653364179?
13, 17, 2956399
List the prime factors of 397342452.
2, 3, 13, 761, 3347
List the prime factors of 1256259874.
2, 29, 887, 24419
What are the prime factors of 714620512?
2, 22331891
What are the prime factors of 11378041?
2333, 4877
What are the prime factors of 4405893?
3, 1468631
List the prime factors of 1427777191.
79, 18073129
What are the prime factors of 984672956?
2, 246168239
List the prime factors of 1800532782.
2, 3, 23, 4349113
What are the prime factors of 2240173048?
2, 53, 5283427
What are the prime factors of 398959323?
3, 7, 2714009
What are the prime factors of 551725948?
2, 43, 71, 45179
What are the prime factors of 75300067?
41, 683, 2689
List the prime factors of 197769597.
3, 65923199
What are the prime factors of 520200150?
2, 3, 5, 31, 111871
List the prime factors of 1634451167.
577, 599, 4729
What are the prime factors of 45445719?
3, 11, 439, 3137
List the prime factors of 5268665455.
5, 47, 22419853
List the prime factors of 248743508.
2, 13, 79, 151, 401
What are the prime factors of 4440632746?
2, 11, 733, 275371
List the prime factors of 1815297674.
2, 349, 751, 3463
What are the prime factors of 1721698528?
2, 11, 17, 19, 797
What are the prime factors of 616276071?
3, 29, 2361211
What are the prime factors of 52573941?
3, 7, 92723
What are the prime factors of 27057078?
2, 3, 55673
List the prime factors of 1031810369.
1031810369
What are the prime factors of 39779173?
7, 67, 89, 953
What are the prime factors of 58405406?
2, 113, 2287
What are the prime factors of 4345378?
2, 223, 9743
List the prime factors of 152530855.
5, 4751, 6421
List the prime factors of 6953760.
2, 3, 5, 11, 439
What are the prime factors of 212613521?
59, 3603619
List the prime factors of 156227639.
3779, 41341
What are the prime factors of 3015632891?
757, 3983663
What are the prime factors of 3577556789?
17, 14251, 14767
List the prime factors of 77290814.
2, 38645407
What are the prime factors of 54355899?
3, 13, 53, 26297
List the prime factors of 66245099.
66245099
What are the prime factors of 4572433237?
17, 197, 1365313
What are the prime factors of 267015105?
3, 5, 7, 521, 1627
What are the prime factors of 336254104?
2, 89, 347, 1361
List the prime factors of 58285768.
2, 19, 383459
What are the prime factors of 3686782715?
5, 7, 11, 9576059
What are the prime factors of 139773